{"id":1681,"date":"2020-06-12T14:39:21","date_gmt":"2020-06-12T14:39:21","guid":{"rendered":"http:\/\/www.lexalko.com\/?page_id=1681"},"modified":"2020-08-11T12:34:29","modified_gmt":"2020-08-11T12:34:29","slug":"pjese-kembimi-te-ndryshme","status":"publish","type":"page","link":"https:\/\/lexalko.com\/index.php\/pjese-kembimi-te-ndryshme\/","title":{"rendered":"Pjese K\u00ebmbimi"},"content":{"rendered":"<div class=\"wpb-content-wrapper\"><p>[vc_row][vc_column width=&#8221;1\/2&#8243;][vc_empty_space height=&#8221;20px&#8221;][vc_custom_heading text=&#8221;Pjes\u00eb Origjinale p\u00ebr Liebherr&#8221; font_container=&#8221;tag:h1|text_align:left|color:%23000000&#8243; google_fonts=&#8221;font_family:Open%20Sans%3A300%2C300italic%2Cregular%2Citalic%2C600%2C600italic%2C700%2C700italic%2C800%2C800italic|font_style:600%20bold%20regular%3A600%3Anormal&#8221;][vc_separator color=&#8221;custom&#8221; align=&#8221;align_left&#8221; border_width=&#8221;5&#8243; el_width=&#8221;10&#8243; accent_color=&#8221;#f99422&#8243;][vc_column_text]Lexalko.Sh.A \u00a0mbulon t\u00eb gjith\u00eb gam\u00ebn e pjes\u00ebve t\u00eb k\u00ebmbimit p\u00ebr makinerit\u00eb Liebherr. Pjes\u00ebt origjinale Liebherr mbrojn\u00eb makinerin\u00eb tuaj dhe sigurojn\u00eb nj\u00eb rendiment m\u00eb t\u00eb lart\u00eb.Rrjeti jon\u00eb komb\u00ebtar i shpr\u00ebndarjes ju gjendet gjithmon\u00eb pran\u00eb,n\u00eb Shqiperi apo Kosov\u00eb, Lexalko \u00ebsht\u00eb e aft\u00eb tju asistoj\u00eb p\u00ebr cdo problem.[\/vc_column_text][\/vc_column][vc_column width=&#8221;1\/2&#8243;][vc_single_image image=&#8221;2167&#8243; img_size=&#8221;full&#8221; alignment=&#8221;center&#8221;][\/vc_column][\/vc_row]<\/p>\n<\/div>","protected":false},"excerpt":{"rendered":"<p>[vc_row][vc_column width=&#8221;1\/2&#8243;][vc_empty_space height=&#8221;20px&#8221;][vc_custom_heading text=&#8221;Pjes\u00eb Origjinale p\u00ebr Liebherr&#8221; font_container=&#8221;tag:h1|text_align:left|color:%23000000&#8243; google_fonts=&#8221;font_family:Open%20Sans%3A300%2C300italic%2Cregular%2Citalic%2C600%2C600italic%2C700%2C700italic%2C800%2C800italic|font_style:600%20bold%20regular%3A600%3Anormal&#8221;][vc_separator color=&#8221;custom&#8221; align=&#8221;align_left&#8221; border_width=&#8221;5&#8243; el_width=&#8221;10&#8243; accent_color=&#8221;#f99422&#8243;][vc_column_text]Lexalko.Sh.A \u00a0mbulon t\u00eb gjith\u00eb gam\u00ebn e pjes\u00ebve t\u00eb k\u00ebmbimit p\u00ebr makinerit\u00eb Liebherr. Pjes\u00ebt origjinale Liebherr mbrojn\u00eb makinerin\u00eb tuaj dhe sigurojn\u00eb nj\u00eb rendiment m\u00eb t\u00eb lart\u00eb.Rrjeti jon\u00eb komb\u00ebtar i shpr\u00ebndarjes ju gjendet gjithmon\u00eb pran\u00eb,n\u00eb Shqiperi apo Kosov\u00eb, Lexalko \u00ebsht\u00eb e aft\u00eb tju asistoj\u00eb&hellip;<\/p>\n","protected":false},"author":7,"featured_media":0,"parent":0,"menu_order":0,"comment_status":"closed","ping_status":"closed","template":"","meta":{"_joinchat":[],"footnotes":""},"class_list":["post-1681","page","type-page","status-publish","hentry","description-off"],"_links":{"self":[{"href":"https:\/\/lexalko.com\/index.php\/wp-json\/wp\/v2\/pages\/1681","targetHints":{"allow":["GET"]}}],"collection":[{"href":"https:\/\/lexalko.com\/index.php\/wp-json\/wp\/v2\/pages"}],"about":[{"href":"https:\/\/lexalko.com\/index.php\/wp-json\/wp\/v2\/types\/page"}],"author":[{"embeddable":true,"href":"https:\/\/lexalko.com\/index.php\/wp-json\/wp\/v2\/users\/7"}],"replies":[{"embeddable":true,"href":"https:\/\/lexalko.com\/index.php\/wp-json\/wp\/v2\/comments?post=1681"}],"version-history":[{"count":8,"href":"https:\/\/lexalko.com\/index.php\/wp-json\/wp\/v2\/pages\/1681\/revisions"}],"predecessor-version":[{"id":1911,"href":"https:\/\/lexalko.com\/index.php\/wp-json\/wp\/v2\/pages\/1681\/revisions\/1911"}],"wp:attachment":[{"href":"https:\/\/lexalko.com\/index.php\/wp-json\/wp\/v2\/media?parent=1681"}],"curies":[{"name":"wp","href":"https:\/\/api.w.org\/{rel}","templated":true}]}}