{"id":1952,"date":"2020-07-29T10:30:52","date_gmt":"2020-07-29T10:30:52","guid":{"rendered":"http:\/\/www.lexalko.com\/?page_id=1952"},"modified":"2020-08-04T12:20:11","modified_gmt":"2020-08-04T12:20:11","slug":"deutz","status":"publish","type":"page","link":"https:\/\/lexalko.com\/index.php\/deutz\/","title":{"rendered":"Deutz"},"content":{"rendered":"<div class=\"wpb-content-wrapper\"><p>[vc_row][vc_column width=&#8221;1\/2&#8243;][vc_empty_space height=&#8221;20px&#8221;][vc_custom_heading text=&#8221;Deutz&#8221; font_container=&#8221;tag:h1|text_align:left|color:%23000000&#8243; google_fonts=&#8221;font_family:Open%20Sans%3A300%2C300italic%2Cregular%2Citalic%2C600%2C600italic%2C700%2C700italic%2C800%2C800italic|font_style:600%20bold%20regular%3A600%3Anormal&#8221;][vc_separator color=&#8221;custom&#8221; align=&#8221;align_left&#8221; border_width=&#8221;5&#8243; el_width=&#8221;10&#8243; accent_color=&#8221;#f99422&#8243;][vc_column_text]DEUTZ \u00ebsht\u00eb nj\u00eb nga prodhuesit kryesor\u00eb n\u00eb bot\u00eb t\u00eb sistemeve inovative t\u00eb ecjes. Kompetencat e saj thelb\u00ebsore jan\u00eb zhvillimi, prodhimi, shp\u00ebrndarja dhe servisimi i motor\u00ebve me naft\u00eb, gaz dhe elektrik\u00eb p\u00ebr aplikime profesionale. Specialisti i motorit ofron nj\u00eb spekt\u00ebr t\u00eb gjer\u00eb produkti me kapacitete deri n\u00eb 620 kW q\u00eb p\u00ebrdoret n\u00eb makineri t\u00eb nd\u00ebrtimit, makineri bujq\u00ebsore, pajisje p\u00ebr trajtimin e materialeve, pajisje t\u00eb pal\u00ebvizshme, automjete komerciale, mjete hekurudhore dhe aplikime t\u00eb tjera.<\/p>\n<p>Fillimisht e themeluar si N.A. Otto &amp; Cie. N\u00eb K\u00ebln, Gjermani, n\u00eb 1864, DEUTZ AG tani \u00ebsht\u00eb kompania m\u00eb e vjet\u00ebr e motorit n\u00eb bot\u00eb dhe nj\u00eb nga prodhuesit kryesor\u00eb n\u00eb bot\u00eb t\u00eb pavarur t\u00eb motorit. DEUTZ u ofron klient\u00ebve t\u00eb saj nj\u00eb mb\u00ebshtetje gjith\u00ebp\u00ebrfshir\u00ebse dhe afatshkurt\u00ebr nga 13 kompani shp\u00ebrndar\u00ebse, 7 zyra shitjesh dhe mbi 800 partner\u00eb shitje dhe sh\u00ebrbimi n\u00eb m\u00eb shum\u00eb se 130 vende t\u00eb bot\u00ebs.[\/vc_column_text]<div class=\" ubtn-ctn-left \"><a class=\"ubtn-link ult-adjust-bottom-margin ubtn-left ubtn-normal \" href=\"https:\/\/www.deutz.com\/en\/products\/engines\/\" ><button type=\"button\" id=\"ubtn-5480\"  class=\"ubtn ult-adjust-bottom-margin ult-responsive ubtn-normal ubtn-no-hover-bg  ulta-push  ubtn-left   tooltip-69fc918f829d4\"  data-hover=\"\" data-border-color=\"\" data-bg=\"#f99422\" data-hover-bg=\"\" data-border-hover=\"\" data-shadow-hover=\"\" data-shadow-click=\"none\" data-shadow=\"\" data-shd-shadow=\"\"  data-ultimate-target='#ubtn-5480'  data-responsive-json-new='{\"font-size\":\"\",\"line-height\":\"\"}'  style=\"font-weight:normal;border:none;background: #f99422;color: #ffffff;\"><span class=\"ubtn-hover\" style=\"background-color:\"><\/span><span class=\"ubtn-data ubtn-text \" >Shiko m\u00eb shum\u00eb<\/span><\/button><\/a><\/div>[\/vc_column][vc_column width=&#8221;1\/2&#8243;][vc_single_image image=&#8221;1645&#8243; img_size=&#8221;full&#8221; alignment=&#8221;center&#8221;][\/vc_column][\/vc_row]<\/p>\n<\/div>","protected":false},"excerpt":{"rendered":"<p>[vc_row][vc_column width=&#8221;1\/2&#8243;][vc_empty_space height=&#8221;20px&#8221;][vc_custom_heading text=&#8221;Deutz&#8221; font_container=&#8221;tag:h1|text_align:left|color:%23000000&#8243; google_fonts=&#8221;font_family:Open%20Sans%3A300%2C300italic%2Cregular%2Citalic%2C600%2C600italic%2C700%2C700italic%2C800%2C800italic|font_style:600%20bold%20regular%3A600%3Anormal&#8221;][vc_separator color=&#8221;custom&#8221; align=&#8221;align_left&#8221; border_width=&#8221;5&#8243; el_width=&#8221;10&#8243; accent_color=&#8221;#f99422&#8243;][vc_column_text]DEUTZ \u00ebsht\u00eb nj\u00eb nga prodhuesit kryesor\u00eb n\u00eb bot\u00eb t\u00eb sistemeve inovative t\u00eb ecjes. Kompetencat e saj thelb\u00ebsore jan\u00eb zhvillimi, prodhimi, shp\u00ebrndarja dhe servisimi i motor\u00ebve me naft\u00eb, gaz dhe elektrik\u00eb p\u00ebr aplikime profesionale. Specialisti i motorit ofron nj\u00eb spekt\u00ebr t\u00eb gjer\u00eb produkti me kapacitete deri&hellip;<\/p>\n","protected":false},"author":7,"featured_media":0,"parent":0,"menu_order":0,"comment_status":"closed","ping_status":"closed","template":"","meta":{"_joinchat":[],"footnotes":""},"class_list":["post-1952","page","type-page","status-publish","hentry","description-off"],"_links":{"self":[{"href":"https:\/\/lexalko.com\/index.php\/wp-json\/wp\/v2\/pages\/1952","targetHints":{"allow":["GET"]}}],"collection":[{"href":"https:\/\/lexalko.com\/index.php\/wp-json\/wp\/v2\/pages"}],"about":[{"href":"https:\/\/lexalko.com\/index.php\/wp-json\/wp\/v2\/types\/page"}],"author":[{"embeddable":true,"href":"https:\/\/lexalko.com\/index.php\/wp-json\/wp\/v2\/users\/7"}],"replies":[{"embeddable":true,"href":"https:\/\/lexalko.com\/index.php\/wp-json\/wp\/v2\/comments?post=1952"}],"version-history":[{"count":8,"href":"https:\/\/lexalko.com\/index.php\/wp-json\/wp\/v2\/pages\/1952\/revisions"}],"predecessor-version":[{"id":2130,"href":"https:\/\/lexalko.com\/index.php\/wp-json\/wp\/v2\/pages\/1952\/revisions\/2130"}],"wp:attachment":[{"href":"https:\/\/lexalko.com\/index.php\/wp-json\/wp\/v2\/media?parent=1952"}],"curies":[{"name":"wp","href":"https:\/\/api.w.org\/{rel}","templated":true}]}}