{"id":1959,"date":"2020-07-29T10:34:32","date_gmt":"2020-07-29T10:34:32","guid":{"rendered":"http:\/\/www.lexalko.com\/?page_id=1959"},"modified":"2020-08-04T12:24:57","modified_gmt":"2020-08-04T12:24:57","slug":"cummins","status":"publish","type":"page","link":"https:\/\/lexalko.com\/index.php\/cummins\/","title":{"rendered":"Cummins"},"content":{"rendered":"<div class=\"wpb-content-wrapper\"><p>[vc_row][vc_column width=&#8221;1\/2&#8243;][vc_custom_heading text=&#8221;Cummins&#8221; font_container=&#8221;tag:h1|text_align:left|color:%23000000&#8243; google_fonts=&#8221;font_family:Open%20Sans%3A300%2C300italic%2Cregular%2Citalic%2C600%2C600italic%2C700%2C700italic%2C800%2C800italic|font_style:600%20bold%20regular%3A600%3Anormal&#8221;][vc_separator color=&#8221;custom&#8221; align=&#8221;align_left&#8221; border_width=&#8221;5&#8243; el_width=&#8221;10&#8243; accent_color=&#8221;#f99422&#8243;][vc_column_text]Clessie Lyle Cummins nd\u00ebrtoi motorin e tij t\u00eb par\u00eb me avull n\u00eb mosh\u00ebn 11 vje\u00e7 n\u00eb Indiana rurale. I apasionuar pas motor\u00ebve, ai la ferm\u00ebn e familjes s\u00eb tij si i ri dhe filloi t\u00eb punoj\u00eb si mekanik p\u00ebr t\u00eb mb\u00ebshtetur veten.<\/p>\n<p>M\u00eb 1911, Ray Harroun, nj\u00eb shofer i makin\u00ebs garash q\u00eb m\u00ebsoi p\u00ebr reputacionin e Cummins, i k\u00ebrkoi q\u00eb t\u00eb bashkohej me ekipin e tij p\u00ebr nj\u00eb gar\u00eb lokale automobilistike. Cummins b\u00ebri disa sugjerime p\u00ebr t\u00eb ndihmuar n\u00eb p\u00ebrmir\u00ebsimin e shpejt\u00ebsis\u00eb, dhe ajo makin\u00eb fitoi t\u00eb par\u00ebn her\u00eb Indianapolis 500.<\/p>\n<p>N\u00eb vitin 1919, me mb\u00ebshtetjen e bankierit William G. Irwin, Cummins themeloi Cummins Engine Co. n\u00eb Columbus. S\u00eb bashku, t\u00eb dy burrat nd\u00ebrtuan nj\u00eb kompani q\u00eb ishte nj\u00eb nga t\u00eb parat q\u00eb p\u00ebrfitoi nga teknologjia marramend\u00ebse e zhvilluar nga inxhinieri gjerman Rudolf Diesel n\u00eb fund t\u00eb viteve 1800. Brenda tre viteve, kompania kishte fituar fitimin e saj t\u00eb par\u00eb; n\u00eb tre m\u00eb tep\u00ebr, ajo ofroi garancin\u00eb e par\u00eb t\u00eb industris\u00eb 100,000 milje.<\/p>\n<p>N\u00eb vitet q\u00eb pasuan, pasioni i Clessie Cummins p\u00ebr cil\u00ebsi dhe besueshm\u00ebri, i udh\u00ebhequr nga udh\u00ebheqja vizionare e nipit t\u00eb st\u00ebrgjyshit t\u00eb Irwin, J. Irwin Miller, ndihmoi q\u00eb Cummins Engine Co t\u00eb rritet me shpejt\u00ebsi. Miller u b\u00eb menaxher i p\u00ebrgjithsh\u00ebm n\u00eb 1934 dhe vazhdoi t\u00eb udh\u00ebheq\u00eb kompanin\u00eb n\u00eb r\u00ebnd\u00ebsi nd\u00ebrkomb\u00ebtare gjat\u00eb kat\u00ebr dekadave t\u00eb ardhshme. Brenda tre viteve, kompania kishte fituar fitimin e saj t\u00eb par\u00eb; n\u00eb tre m\u00eb tep\u00ebr, ajo ofroi garancin\u00eb e par\u00eb t\u00eb industris\u00eb 100,000 milje.<\/p>\n<p>N\u00eb 1954, Miller themeloi Fondacionin Cummins, dhe tre vjet m\u00eb von\u00eb ajo ofroi t\u00eb paguante tarifat e arkitekt\u00ebve p\u00ebr nd\u00ebrtimin e nd\u00ebrtesave t\u00eb reja publike &#8211; duke \u00e7uar n\u00eb dizajne nga arkitekt\u00eb kryesor\u00eb nga e gjith\u00eb bota q\u00eb rr\u00ebmbejn\u00eb rrug\u00ebt e Columbus.<\/p>\n<p>P\u00ebrtej Cummins, Miller ishte i njohur p\u00ebr dep\u00ebrtimin, men\u00e7urin\u00eb dhe humorin mes bashk\u00ebkoh\u00ebsve t\u00eb tij. N\u00eb nj\u00eb profil t\u00eb vitit 1968, Esquire spekuloi p\u00ebr nj\u00eb ofert\u00eb t\u00eb mundshme presidenciale, duke th\u00ebn\u00eb &#8220;A \u00ebsht\u00eb tep\u00ebr von\u00eb p\u00ebr nj\u00eb njeri me ndershm\u00ebri, q\u00ebllim t\u00eb lart\u00eb dhe inteligjenc\u00eb q\u00eb t\u00eb zgjidhet president i Shteteve t\u00eb Bashkuara n\u00eb 1968?&#8221;<\/p>\n<p>N\u00eb 1956, n\u00ebn udh\u00ebheqjen e Miller, kompania kishte hapur nj\u00eb struktur\u00eb prodhuese n\u00eb Skoci. Deri n\u00eb vitet 1960, Cummins pati nj\u00eb prani n\u00eb 98 vende. Kjo prani globale ka qen\u00eb thelb\u00ebsore p\u00ebr rritjen; n\u00eb tre vitet e fundit, gjysma e shitjeve t\u00eb kompanis\u00eb kan\u00eb qen\u00eb nga jasht\u00eb Shteteve t\u00eb Bashkuara. P\u00ebr shembull, Cummins ka nj\u00eb seli n\u00eb Pekin, ku kompania \u00ebsht\u00eb investitori m\u00eb i madh i huaj n\u00eb sektorin e motor\u00ebve me naft\u00eb n\u00eb Kin\u00eb, me m\u00eb shum\u00eb se 9,000 punonj\u00ebs dhe 3 miliard dollar\u00eb n\u00eb shitje.<\/p>\n<p>Sot, Cummins Inc. \u00ebsht\u00eb nj\u00eb kompani shum\u00ebkomb\u00ebshe e Fortune 500, q\u00eb u sh\u00ebrben klient\u00ebve n\u00eb t\u00eb gjith\u00eb bot\u00ebn n\u00eb fushat e motor\u00ebve, prodhimin e energjis\u00eb, p\u00ebrb\u00ebr\u00ebsit dhe shp\u00ebrndarjen. Edhe pse tani kemi af\u00ebrsisht 54,600 t\u00eb pun\u00ebsuar n\u00eb t\u00eb gjith\u00eb bot\u00ebn, ne ende mbetemi t\u00eb v\u00ebrtet\u00eb p\u00ebr rr\u00ebnj\u00ebt tona n\u00eb Indiana dhe vizionin e dy individ\u00ebve t\u00eb shquar. &#8211; Cummins Inc[\/vc_column_text]<div class=\" ubtn-ctn-left \"><a class=\"ubtn-link ult-adjust-bottom-margin ubtn-left ubtn-normal \" href=\"https:\/\/www.cummins.com\/product-finder\" ><button type=\"button\" id=\"ubtn-2701\"  class=\"ubtn ult-adjust-bottom-margin ult-responsive ubtn-normal ubtn-no-hover-bg  ulta-push  ubtn-left   tooltip-69e17db0ee75e\"  data-hover=\"\" data-border-color=\"\" data-bg=\"#f99422\" data-hover-bg=\"\" data-border-hover=\"\" data-shadow-hover=\"\" data-shadow-click=\"none\" data-shadow=\"\" data-shd-shadow=\"\"  data-ultimate-target='#ubtn-2701'  data-responsive-json-new='{\"font-size\":\"\",\"line-height\":\"\"}'  style=\"font-weight:normal;border:none;background: #f99422;color: #ffffff;\"><span class=\"ubtn-hover\" style=\"background-color:\"><\/span><span class=\"ubtn-data ubtn-text \" >Shiko m\u00eb shum\u00eb<\/span><\/button><\/a><\/div>[\/vc_column][vc_column width=&#8221;1\/2&#8243;][vc_single_image image=&#8221;1650&#8243; img_size=&#8221;full&#8221; alignment=&#8221;center&#8221;][\/vc_column][\/vc_row]<\/p>\n<\/div>","protected":false},"excerpt":{"rendered":"<p>[vc_row][vc_column width=&#8221;1\/2&#8243;][vc_custom_heading text=&#8221;Cummins&#8221; font_container=&#8221;tag:h1|text_align:left|color:%23000000&#8243; google_fonts=&#8221;font_family:Open%20Sans%3A300%2C300italic%2Cregular%2Citalic%2C600%2C600italic%2C700%2C700italic%2C800%2C800italic|font_style:600%20bold%20regular%3A600%3Anormal&#8221;][vc_separator color=&#8221;custom&#8221; align=&#8221;align_left&#8221; border_width=&#8221;5&#8243; el_width=&#8221;10&#8243; accent_color=&#8221;#f99422&#8243;][vc_column_text]Clessie Lyle Cummins nd\u00ebrtoi motorin e tij t\u00eb par\u00eb me avull n\u00eb mosh\u00ebn 11 vje\u00e7 n\u00eb Indiana rurale. I apasionuar pas motor\u00ebve, ai la ferm\u00ebn e familjes s\u00eb tij si i ri dhe filloi t\u00eb punoj\u00eb si mekanik p\u00ebr t\u00eb mb\u00ebshtetur veten. M\u00eb 1911, Ray Harroun,&hellip;<\/p>\n","protected":false},"author":7,"featured_media":0,"parent":0,"menu_order":0,"comment_status":"closed","ping_status":"closed","template":"","meta":{"_joinchat":[],"footnotes":""},"class_list":["post-1959","page","type-page","status-publish","hentry","description-off"],"_links":{"self":[{"href":"https:\/\/lexalko.com\/index.php\/wp-json\/wp\/v2\/pages\/1959","targetHints":{"allow":["GET"]}}],"collection":[{"href":"https:\/\/lexalko.com\/index.php\/wp-json\/wp\/v2\/pages"}],"about":[{"href":"https:\/\/lexalko.com\/index.php\/wp-json\/wp\/v2\/types\/page"}],"author":[{"embeddable":true,"href":"https:\/\/lexalko.com\/index.php\/wp-json\/wp\/v2\/users\/7"}],"replies":[{"embeddable":true,"href":"https:\/\/lexalko.com\/index.php\/wp-json\/wp\/v2\/comments?post=1959"}],"version-history":[{"count":6,"href":"https:\/\/lexalko.com\/index.php\/wp-json\/wp\/v2\/pages\/1959\/revisions"}],"predecessor-version":[{"id":2132,"href":"https:\/\/lexalko.com\/index.php\/wp-json\/wp\/v2\/pages\/1959\/revisions\/2132"}],"wp:attachment":[{"href":"https:\/\/lexalko.com\/index.php\/wp-json\/wp\/v2\/media?parent=1959"}],"curies":[{"name":"wp","href":"https:\/\/api.w.org\/{rel}","templated":true}]}}