{"id":1982,"date":"2020-07-29T12:14:24","date_gmt":"2020-07-29T12:14:24","guid":{"rendered":"http:\/\/www.lexalko.com\/?page_id=1982"},"modified":"2020-08-11T13:31:27","modified_gmt":"2020-08-11T13:31:27","slug":"menaxhimi-i-flotes-liebherr-me-lidat","status":"publish","type":"page","link":"https:\/\/lexalko.com\/index.php\/menaxhimi-i-flotes-liebherr-me-lidat\/","title":{"rendered":"Menaxhimi i flot\u00ebs Liebherr me LiDAT"},"content":{"rendered":"<div class=\"wpb-content-wrapper\"><p>[vc_row][vc_column width=&#8221;2\/3&#8243;][vc_custom_heading text=&#8221;Menaxhimi i flot\u00ebs Liebherr me LiDAT&#8221; font_container=&#8221;tag:h2|text_align:left|color:%23000000&#8243; google_fonts=&#8221;font_family:Open%20Sans%3A300%2C300italic%2Cregular%2Citalic%2C600%2C600italic%2C700%2C700italic%2C800%2C800italic|font_style:400%20regular%3A400%3Anormal&#8221;][vc_separator color=&#8221;custom&#8221; align=&#8221;align_left&#8221; border_width=&#8221;4&#8243; el_width=&#8221;10&#8243; accent_color=&#8221;#f99422&#8243;][vc_column_text]<strong>Cfare \u00ebsht\u00eb LiDAT?<\/strong><\/p>\n<p>Menaxhimi i parkut t\u00eb automjeteve dhe i flot\u00ebs Liebherr, me LiDAT<\/p>\n<p>Sistemi i transferimit dhe pozicionimit t\u00eb t\u00eb dh\u00ebnave, LiDAT, leht\u00ebson parkun e automjeteve dhe menaxhimin e flot\u00ebs s\u00eb makinerive Liebherr si, makinerit\u00eb p\u00ebr zhendosjen e dheut (eskavator\u00eb, fadroma, bulldozera etj), vin\u00e7t e ndrysh\u00ebm etj.<\/p>\n<p>LiDAT leht\u00ebson menaxhimin dhe kontrollin e parku t\u00eb makinerive tuaja. Sistemi i menaxhimit t\u00eb flot\u00ebs, LiDAT, b\u00ebn t\u00eb mundur planifikimin e vendosjes s\u00eb pajisjeve dhe porositjen e pjes\u00ebve t\u00eb k\u00ebmbimit n\u00eb m\u00ebnyr\u00eb m\u00eb efikase &#8211; dhe ndihmon p\u00ebr t\u00eb zvog\u00ebluar kostot n\u00eb proces.<\/p>\n<p>LiDAT jep informacion p\u00ebr lokalizimin, si dhe funksionimin e makinave. Shembuj t\u00eb k\u00ebsaj p\u00ebrfshijn\u00eb pozicionimin e makinave, periudhat e funksionimit dhe p\u00ebrdorimit, konsumin e karburantit dhe detajet e intervalit t\u00eb sh\u00ebrbimit.<\/p>\n<p>T\u00eb dh\u00ebnat p\u00ebrdit\u00ebsohen disa her\u00eb n\u00eb dit\u00eb n\u00eb var\u00ebsi t\u00eb llojit t\u00eb pajtimit dhe mund t\u00eb thirren n\u00eb nj\u00eb shfletues p\u00ebrmes GPRS ose duke p\u00ebrdorur nj\u00eb bart\u00ebs t\u00eb t\u00eb dh\u00ebnave. Makinerit\u00eb mund t\u00eb p\u00ebrcaktohen leht\u00ebsisht n\u00eb grupe p\u00ebr vendet e m\u00ebdha t\u00eb nd\u00ebrtimit, vendet e m\u00ebdha t\u00eb nd\u00ebrtimit p\u00ebr q\u00ebllime t\u00eb organizat\u00ebs. Makinerive individuale mund t&#8217;u caktohen kufizime kohore dhe kufizime t\u00eb l\u00ebvizjes n\u00eb lidhje me vendosjen e tyre.<\/p>\n<p>&nbsp;<\/p>\n<p><strong>Pse makineris\u00eb suaj Liebherr, i nevojitet LiDAT?<\/strong><\/p>\n<ul>\n<li>Menaxhimi gjith\u00ebp\u00ebrfshir\u00ebs i flot\u00ebs nga nj\u00eb burim p\u00ebr konfigurimin e makinave t\u00eb ndryshme.<\/li>\n<li>Monitorimi n\u00eb distanc\u00eb: lokalizimi i menj\u00ebhersh\u00ebm i makinave dhe mbik\u00ebqyrja e funksionimit optimal t\u00eb pajisjeve.<\/li>\n<li>Planifikimi i pjes\u00ebve strategjike dhe mir\u00ebmbajtja e planifikuar ulin ndjesh\u00ebm koston dhe koh\u00ebn e makineris\u00eb.<\/li>\n<li>Planifikimi inteligjent i mir\u00ebmbajtjes rrit disponueshm\u00ebrin\u00eb e makinerive.<\/li>\n<li>Dokumentim sistematik i mbingarkes\u00ebs dhe operacioneve t\u00eb gabuara.<\/li>\n<li>T\u00eb dh\u00ebnat e LiDAT mund t\u00eb p\u00ebrdoren si baz\u00eb p\u00ebr llogaritjen e tarifave t\u00eb qirave.<\/li>\n<\/ul>\n<p>Sistemi \u00ebsht\u00eb n\u00eb dispozicion si nj\u00eb paket\u00eb themelore &#8220;LiDAT Standard&#8221;, e cila mund t\u00eb p\u00ebrdoret p\u00ebr makinat e \u00e7do prodhuesi. &#8220;LiDAT Plus&#8221; dhe paketat shtes\u00eb p\u00ebr vin\u00e7a cra\u00ebler cikli detyre, vin\u00e7a cra\u00ebler dhe makina speciale t\u00eb themelimit t\u00eb thell\u00eb jan\u00eb n\u00eb dispozicion posa\u00e7\u00ebrisht p\u00ebr aft\u00ebsit\u00eb teknike t\u00eb zgjeruara t\u00eb makinave Liebherr.<\/p>\n<p>Paketa standarde jep informacione rreth planifikimit t\u00eb vendosjes s\u00eb pajisjeve, t\u00eb dh\u00ebnave p\u00ebr pozicionimin e makineris\u00eb, periudhat e funksionimit dhe p\u00ebrdorimit, intervalet e sh\u00ebrbimit, marrjen me qira t\u00eb pajisjeve dhe menaxhimin. &#8220;LiDAT Plus&#8221; ofron p\u00ebrfitimet shtes\u00eb t\u00eb monitorimit gjeografik dhe t\u00eb lidhur me koh\u00ebn, raportimin e kushteve kritike t\u00eb funksionimit, t\u00eb dh\u00ebnat e konsumit t\u00eb karburantit, si dhe intervalet e transferimit t\u00eb t\u00eb dh\u00ebnave t\u00eb p\u00ebrcaktueshme nga p\u00ebrdoruesit. Paketa shtes\u00eb &#8220;Teleservice&#8221;, p\u00ebr shembull, b\u00ebn t\u00eb mundur q\u00eb personeli i sh\u00ebrbimit Liebherr t\u00eb identifikohet n\u00eb kontrollet e makin\u00ebs nga \u00e7do vend dhe, n\u00eb k\u00ebt\u00eb m\u00ebnyr\u00eb, t\u00eb korrigjoj\u00eb keqfunksionimet ose gabimet e mundshme.[\/vc_column_text][\/vc_column][vc_column width=&#8221;1\/3&#8243;][vc_video link=&#8221;https:\/\/www.youtube.com\/watch?time_continue=2&amp;v=7SiztJjfzPc&amp;feature=emb_title&#8221; title=&#8221;Liebherr &#8211; LiDAT&#8221;][vc_single_image image=&#8221;1054&#8243; img_size=&#8221;450&#215;250&#8243; alignment=&#8221;center&#8221; onclick=&#8221;link_image&#8221;][\/vc_column][\/vc_row]<\/p>\n<\/div>","protected":false},"excerpt":{"rendered":"<p>[vc_row][vc_column width=&#8221;2\/3&#8243;][vc_custom_heading text=&#8221;Menaxhimi i flot\u00ebs Liebherr me LiDAT&#8221; font_container=&#8221;tag:h2|text_align:left|color:%23000000&#8243; google_fonts=&#8221;font_family:Open%20Sans%3A300%2C300italic%2Cregular%2Citalic%2C600%2C600italic%2C700%2C700italic%2C800%2C800italic|font_style:400%20regular%3A400%3Anormal&#8221;][vc_separator color=&#8221;custom&#8221; align=&#8221;align_left&#8221; border_width=&#8221;4&#8243; el_width=&#8221;10&#8243; accent_color=&#8221;#f99422&#8243;][vc_column_text]Cfare \u00ebsht\u00eb LiDAT? Menaxhimi i parkut t\u00eb automjeteve dhe i flot\u00ebs Liebherr, me LiDAT Sistemi i transferimit dhe pozicionimit t\u00eb t\u00eb dh\u00ebnave, LiDAT, leht\u00ebson parkun e automjeteve dhe menaxhimin e flot\u00ebs s\u00eb makinerive Liebherr si, makinerit\u00eb p\u00ebr zhendosjen e dheut (eskavator\u00eb,&hellip;<\/p>\n","protected":false},"author":7,"featured_media":0,"parent":0,"menu_order":0,"comment_status":"closed","ping_status":"closed","template":"","meta":{"_joinchat":[],"footnotes":""},"class_list":["post-1982","page","type-page","status-publish","hentry","description-off"],"_links":{"self":[{"href":"https:\/\/lexalko.com\/index.php\/wp-json\/wp\/v2\/pages\/1982","targetHints":{"allow":["GET"]}}],"collection":[{"href":"https:\/\/lexalko.com\/index.php\/wp-json\/wp\/v2\/pages"}],"about":[{"href":"https:\/\/lexalko.com\/index.php\/wp-json\/wp\/v2\/types\/page"}],"author":[{"embeddable":true,"href":"https:\/\/lexalko.com\/index.php\/wp-json\/wp\/v2\/users\/7"}],"replies":[{"embeddable":true,"href":"https:\/\/lexalko.com\/index.php\/wp-json\/wp\/v2\/comments?post=1982"}],"version-history":[{"count":6,"href":"https:\/\/lexalko.com\/index.php\/wp-json\/wp\/v2\/pages\/1982\/revisions"}],"predecessor-version":[{"id":2171,"href":"https:\/\/lexalko.com\/index.php\/wp-json\/wp\/v2\/pages\/1982\/revisions\/2171"}],"wp:attachment":[{"href":"https:\/\/lexalko.com\/index.php\/wp-json\/wp\/v2\/media?parent=1982"}],"curies":[{"name":"wp","href":"https:\/\/api.w.org\/{rel}","templated":true}]}}